{"id":5100,"date":"2020-11-25T09:41:11","date_gmt":"2020-11-25T08:41:11","guid":{"rendered":"https:\/\/jultin-et-tartempion.fr\/?page_id=5100"},"modified":"2020-11-25T13:50:15","modified_gmt":"2020-11-25T12:50:15","slug":"partenariats","status":"publish","type":"page","link":"https:\/\/jultin-et-tartempion.fr\/index.php\/partenariats\/","title":{"rendered":"Partenariats"},"content":{"rendered":"\t\t<div data-elementor-type=\"wp-page\" data-elementor-id=\"5100\" class=\"elementor elementor-5100\" data-elementor-settings=\"[]\">\n\t\t\t\t\t\t<div class=\"elementor-inner\">\n\t\t\t\t\t\t\t<div class=\"elementor-section-wrap\">\n\t\t\t\t\t\t\t<section class=\"elementor-section elementor-top-section elementor-element elementor-element-f5b93a3 elementor-section-boxed elementor-section-height-default elementor-section-height-default qodef-elementor-content-no\" data-id=\"f5b93a3\" data-element_type=\"section\">\n\t\t\t\t\t\t<div class=\"elementor-container elementor-column-gap-default\">\n\t\t\t\t\t\t\t<div class=\"elementor-row\">\n\t\t\t\t\t<div class=\"elementor-column elementor-col-25 elementor-top-column elementor-element elementor-element-d4d6c1a\" data-id=\"d4d6c1a\" data-element_type=\"column\">\n\t\t\t<div class=\"elementor-column-wrap\">\n\t\t\t\t\t\t\t<div class=\"elementor-widget-wrap\">\n\t\t\t\t\t\t\t\t<\/div>\n\t\t\t\t\t<\/div>\n\t\t<\/div>\n\t\t\t\t<div class=\"elementor-column elementor-col-50 elementor-top-column elementor-element elementor-element-c5c3804\" data-id=\"c5c3804\" data-element_type=\"column\">\n\t\t\t<div class=\"elementor-column-wrap elementor-element-populated\">\n\t\t\t\t\t\t\t<div class=\"elementor-widget-wrap\">\n\t\t\t\t\t\t<div class=\"elementor-element elementor-element-a7c6a5c elementor-widget elementor-widget-heading\" data-id=\"a7c6a5c\" data-element_type=\"widget\" data-widget_type=\"heading.default\">\n\t\t\t\t<div class=\"elementor-widget-container\">\n\t\t\t<span class=\"elementor-heading-title elementor-size-default\">Jultin & Tartempion <\/br>\net l\u2019\u00e9cole de production \n<\/br>de l\u2019Icam de Vannes<\/span>\t\t<\/div>\n\t\t\t\t<\/div>\n\t\t\t\t\t\t<\/div>\n\t\t\t\t\t<\/div>\n\t\t<\/div>\n\t\t\t\t<div class=\"elementor-column elementor-col-25 elementor-top-column elementor-element elementor-element-4af00b3\" data-id=\"4af00b3\" data-element_type=\"column\">\n\t\t\t<div class=\"elementor-column-wrap\">\n\t\t\t\t\t\t\t<div class=\"elementor-widget-wrap\">\n\t\t\t\t\t\t\t\t<\/div>\n\t\t\t\t\t<\/div>\n\t\t<\/div>\n\t\t\t\t\t\t\t\t<\/div>\n\t\t\t\t\t<\/div>\n\t\t<\/section>\n\t\t\t\t<section class=\"elementor-section elementor-top-section elementor-element elementor-element-b090909 elementor-section-boxed elementor-section-height-default elementor-section-height-default qodef-elementor-content-no\" data-id=\"b090909\" data-element_type=\"section\">\n\t\t\t\t\t\t<div class=\"elementor-container elementor-column-gap-default\">\n\t\t\t\t\t\t\t<div class=\"elementor-row\">\n\t\t\t\t\t<div class=\"elementor-column elementor-col-25 elementor-top-column elementor-element elementor-element-659c270\" data-id=\"659c270\" data-element_type=\"column\">\n\t\t\t<div class=\"elementor-column-wrap\">\n\t\t\t\t\t\t\t<div class=\"elementor-widget-wrap\">\n\t\t\t\t\t\t\t\t<\/div>\n\t\t\t\t\t<\/div>\n\t\t<\/div>\n\t\t\t\t<div class=\"elementor-column elementor-col-50 elementor-top-column elementor-element elementor-element-e8de868\" data-id=\"e8de868\" data-element_type=\"column\">\n\t\t\t<div class=\"elementor-column-wrap elementor-element-populated\">\n\t\t\t\t\t\t\t<div class=\"elementor-widget-wrap\">\n\t\t\t\t\t\t<div class=\"elementor-element elementor-element-c4f617c elementor-widget elementor-widget-text-editor\" data-id=\"c4f617c\" data-element_type=\"widget\" data-widget_type=\"text-editor.default\">\n\t\t\t\t<div class=\"elementor-widget-container\">\n\t\t\t\t\t<div class=\"elementor-text-editor elementor-clearfix\"><p>Concevoir ses projets dans un esprit durable et confier la fabrication \u00e0 des jeunes en d\u00e9crochage scolaire: tel est le partenariat entre J<em>ultin &amp; Tartempion<\/em> et L\u2019\u00e9cole de production de l\u2019Icam de Vannes.<\/p><p>Cette \u00e9cole forme des jeunes de 15 \u00e0 18 ans en d\u00e9crochage scolaire \u00e0 un CAP Conduite d\u2019installation de production. Les sp\u00e9cialit\u00e9s sont l\u2019Impression 3D biomat\u00e9riaux, la d\u00e9coupe laser (Bois, Tissus, Cuir), ainsi que le montage et l\u2019assemblage des \u00e9l\u00e9ments.<\/p><p>Les jeunes form\u00e9s apprennent un m\u00e9tier en r\u00e9alisant des commandes d\u2019entreprises comme support p\u00e9dagogique.<\/p><p>Sur 36 heures de formation hebdomadaire, pr\u00e8s de 25 heures sont consacr\u00e9es \u00e0 la production en atelier. Les \u00e9l\u00e8ves sont encadr\u00e9s par une \u00e9quipe p\u00e9dagogique compos\u00e9e de professionnels de l\u2019industrie attentifs et engag\u00e9s. Leur connaissance du terrain permet d\u2019apporter aux jeunes une vision op\u00e9rationnelle en termes de qualit\u00e9 et de s\u00e9curit\u00e9.<\/p><p>Les objets en bois et impression 3D biomat\u00e9riaux de <em>Jultin &amp; Tartempion<\/em> sont fa\u00e7onn\u00e9s, test\u00e9s et optimis\u00e9s pour assurer une production \u00e0 mi-chemin entre artisanat et industrie, du prototype \u00e0 la fabrication en s\u00e9rie.<\/p><p><a href=\"https:\/\/www.youtube.com\/watch?v=wPUCR8F0ttc&amp;feature=emb_logo\">En savoir plus sur les \u00e9coles de production<\/a><\/p><\/div>\n\t\t\t\t<\/div>\n\t\t\t\t<\/div>\n\t\t\t\t\t\t<\/div>\n\t\t\t\t\t<\/div>\n\t\t<\/div>\n\t\t\t\t<div class=\"elementor-column elementor-col-25 elementor-top-column elementor-element elementor-element-0501f03\" data-id=\"0501f03\" data-element_type=\"column\">\n\t\t\t<div class=\"elementor-column-wrap\">\n\t\t\t\t\t\t\t<div class=\"elementor-widget-wrap\">\n\t\t\t\t\t\t\t\t<\/div>\n\t\t\t\t\t<\/div>\n\t\t<\/div>\n\t\t\t\t\t\t\t\t<\/div>\n\t\t\t\t\t<\/div>\n\t\t<\/section>\n\t\t\t\t\t\t<\/div>\n\t\t\t\t\t\t<\/div>\n\t\t\t\t\t<\/div>\n\t\t","protected":false},"excerpt":{"rendered":"<p>Jultin &#038; Tartempion et l\u2019\u00e9cole de production de l\u2019Icam de Vannes Concevoir ses projets dans un esprit durable et confier la fabrication \u00e0 des jeunes en d\u00e9crochage scolaire: tel est le partenariat entre Jultin &amp; Tartempion et L\u2019\u00e9cole de production de l\u2019Icam de Vannes. Cette \u00e9cole forme des jeunes de 15 \u00e0 18 ans en [&hellip;]<\/p>\n","protected":false},"author":1,"featured_media":0,"parent":0,"menu_order":0,"comment_status":"closed","ping_status":"closed","template":"","meta":[],"_links":{"self":[{"href":"https:\/\/jultin-et-tartempion.fr\/index.php\/wp-json\/wp\/v2\/pages\/5100"}],"collection":[{"href":"https:\/\/jultin-et-tartempion.fr\/index.php\/wp-json\/wp\/v2\/pages"}],"about":[{"href":"https:\/\/jultin-et-tartempion.fr\/index.php\/wp-json\/wp\/v2\/types\/page"}],"author":[{"embeddable":true,"href":"https:\/\/jultin-et-tartempion.fr\/index.php\/wp-json\/wp\/v2\/users\/1"}],"replies":[{"embeddable":true,"href":"https:\/\/jultin-et-tartempion.fr\/index.php\/wp-json\/wp\/v2\/comments?post=5100"}],"version-history":[{"count":8,"href":"https:\/\/jultin-et-tartempion.fr\/index.php\/wp-json\/wp\/v2\/pages\/5100\/revisions"}],"predecessor-version":[{"id":5120,"href":"https:\/\/jultin-et-tartempion.fr\/index.php\/wp-json\/wp\/v2\/pages\/5100\/revisions\/5120"}],"wp:attachment":[{"href":"https:\/\/jultin-et-tartempion.fr\/index.php\/wp-json\/wp\/v2\/media?parent=5100"}],"curies":[{"name":"wp","href":"https:\/\/api.w.org\/{rel}","templated":true}]}}

<div data-elementor-type="wp-page" data-elementor-id="5100" class="elementor elementor-5100" data-elementor-settings="[]">
						<div class="elementor-inner">
							<div class="elementor-section-wrap">
							<section class="elementor-section elementor-top-section elementor-element elementor-element-f5b93a3 elementor-section-boxed elementor-section-height-default elementor-section-height-default qodef-elementor-content-no" data-id="f5b93a3" data-element_type="section">
						<div class="elementor-container elementor-column-gap-default">
							<div class="elementor-row">
					<div class="elementor-column elementor-col-25 elementor-top-column elementor-element elementor-element-d4d6c1a" data-id="d4d6c1a" data-element_type="column">
			<div class="elementor-column-wrap">
							<div class="elementor-widget-wrap">
								</div>
					</div>
		</div>
				<div class="elementor-column elementor-col-50 elementor-top-column elementor-element elementor-element-c5c3804" data-id="c5c3804" data-element_type="column">
			<div class="elementor-column-wrap elementor-element-populated">
							<div class="elementor-widget-wrap">
						<div class="elementor-element elementor-element-a7c6a5c elementor-widget elementor-widget-heading" data-id="a7c6a5c" data-element_type="widget" data-widget_type="heading.default">
				<div class="elementor-widget-container">
			<span class="elementor-heading-title elementor-size-default">Jultin & Tartempion </br>
et l’école de production 
</br>de l’Icam de Vannes</span>		</div>
				</div>
						</div>
					</div>
		</div>
				<div class="elementor-column elementor-col-25 elementor-top-column elementor-element elementor-element-4af00b3" data-id="4af00b3" data-element_type="column">
			<div class="elementor-column-wrap">
							<div class="elementor-widget-wrap">
								</div>
					</div>
		</div>
								</div>
					</div>
		</section>
				<section class="elementor-section elementor-top-section elementor-element elementor-element-b090909 elementor-section-boxed elementor-section-height-default elementor-section-height-default qodef-elementor-content-no" data-id="b090909" data-element_type="section">
						<div class="elementor-container elementor-column-gap-default">
							<div class="elementor-row">
					<div class="elementor-column elementor-col-25 elementor-top-column elementor-element elementor-element-659c270" data-id="659c270" data-element_type="column">
			<div class="elementor-column-wrap">
							<div class="elementor-widget-wrap">
								</div>
					</div>
		</div>
				<div class="elementor-column elementor-col-50 elementor-top-column elementor-element elementor-element-e8de868" data-id="e8de868" data-element_type="column">
			<div class="elementor-column-wrap elementor-element-populated">
							<div class="elementor-widget-wrap">
						<div class="elementor-element elementor-element-c4f617c elementor-widget elementor-widget-text-editor" data-id="c4f617c" data-element_type="widget" data-widget_type="text-editor.default">
				<div class="elementor-widget-container">
					<div class="elementor-text-editor elementor-clearfix"><p>Concevoir ses projets dans un esprit durable et confier la fabrication à des jeunes en décrochage scolaire: tel est le partenariat entre J<em>ultin &amp; Tartempion</em> et L’école de production de l’Icam de Vannes.</p><p>Cette école forme des jeunes de 15 à 18 ans en décrochage scolaire à un CAP Conduite d’installation de production. Les spécialités sont l’Impression 3D biomatériaux, la découpe laser (Bois, Tissus, Cuir), ainsi que le montage et l’assemblage des éléments.</p><p>Les jeunes formés apprennent un métier en réalisant des commandes d’entreprises comme support pédagogique.</p><p>Sur 36 heures de formation hebdomadaire, près de 25 heures sont consacrées à la production en atelier. Les élèves sont encadrés par une équipe pédagogique composée de professionnels de l’industrie attentifs et engagés. Leur connaissance du terrain permet d’apporter aux jeunes une vision opérationnelle en termes de qualité et de sécurité.</p><p>Les objets en bois et impression 3D biomatériaux de <em>Jultin &amp; Tartempion</em> sont façonnés, testés et optimisés pour assurer une production à mi-chemin entre artisanat et industrie, du prototype à la fabrication en série.</p><p><a href="https://www.youtube.com/watch?v=wPUCR8F0ttc&amp;feature=emb_logo">En savoir plus sur les écoles de production</a></p></div>
				</div>
				</div>
						</div>
					</div>
		</div>
				<div class="elementor-column elementor-col-25 elementor-top-column elementor-element elementor-element-0501f03" data-id="0501f03" data-element_type="column">
			<div class="elementor-column-wrap">
							<div class="elementor-widget-wrap">
								</div>
					</div>
		</div>
								</div>
					</div>
		</section>
						</div>
						</div>
					</div>

<p>Jultin &#038; Tartempion et l’école de production de l’Icam de Vannes Concevoir ses projets dans un esprit durable et confier la fabrication à des jeunes en décrochage scolaire: tel est le partenariat entre Jultin &amp; Tartempion et L’école de production de l’Icam de Vannes. Cette école forme des jeunes de 15 à 18 ans en [&hellip;]</p>
