{"id":5160,"date":"2021-01-14T12:36:24","date_gmt":"2021-01-14T11:36:24","guid":{"rendered":"https:\/\/jultin-et-tartempion.fr\/?post_type=product&#038;p=5160"},"modified":"2022-01-19T21:25:59","modified_gmt":"2022-01-19T20:25:59","slug":"cathedrale-de-chartres-50-cm","status":"publish","type":"product","link":"https:\/\/jultin-et-tartempion.fr\/index.php\/product\/cathedrale-de-chartres-50-cm\/","title":{"rendered":"Cath\u00e9drale de Chartres \u2022 50 cm"},"content":{"rendered":"","protected":false},"excerpt":{"rendered":"<p>Silhouette de la Cath\u00e9drale de Chartres interpr\u00eat\u00e9e.<\/p>\n<p>Peuplier 5mm, d\u00e9coup\u00e9 au laser.<\/p>\n<p><strong>Dimensions<\/strong> 50 cm x 40 cm<\/p>\n<p>Existe \u00e9galement en 40 cm x 30 cm (nous contacter pour les d\u00e9tails des dimensions sur mesure)<\/p>\n","protected":false},"featured_media":5163,"template":"","meta":[],"_links":{"self":[{"href":"https:\/\/jultin-et-tartempion.fr\/index.php\/wp-json\/wp\/v2\/product\/5160"}],"collection":[{"href":"https:\/\/jultin-et-tartempion.fr\/index.php\/wp-json\/wp\/v2\/product"}],"about":[{"href":"https:\/\/jultin-et-tartempion.fr\/index.php\/wp-json\/wp\/v2\/types\/product"}],"wp:featuredmedia":[{"embeddable":true,"href":"https:\/\/jultin-et-tartempion.fr\/index.php\/wp-json\/wp\/v2\/media\/5163"}],"wp:attachment":[{"href":"https:\/\/jultin-et-tartempion.fr\/index.php\/wp-json\/wp\/v2\/media?parent=5160"}],"curies":[{"name":"wp","href":"https:\/\/api.w.org\/{rel}","templated":true}]}}